e 7.
-36620545
-153968 (base 11) to base 5
-30130122
What is -192475 (base 12) in base 9?
-738878
What is 25003014 (base 8) in base 11?
3121195
What is -114814 (base 16) in base 9?
-2115524
Convert -38473 (base 13) to base 10.
-104029
What is 240129 (base 13) in base 15?
11de09
What is 4a76a (base 13) in base 8?
414415
Convert 135257 (base 14) to base 5.
132323021
-846a8 (base 14) to base 3
-121020110002
Convert -46b84 (base 13) to base 7.
-1046145
What is 1100101001011011010 (base 2) in base 7?
3344145
-436444 (base 7) to base 4
-102232231
What is 1505401 (base 6) in base 11?
5a204
What is -3210344 (base 5) in base 2?
-1101001001011001
What is 125627 (base 9) in base 13?
28984
What is -1298853 (base 11) in base 7?
-25005114
What is 12001012222012 (base 3) in base 10?
2681240
-69020 (base 13) to base 8
-565275
-1134154 (base 7) to base 9
-237281
-12ac6b (base 14) to base 16
-9d5bf
-114842 (base 10) to base 11
-79312
What is -5143c (base 13) in base 14?
-3b173
Convert 1105134141 (base 6) to base 10.
12003181
Convert -11200211022 (base 3) to base 9.
-150738
Convert -52450 (base 7) to base 12.
-758a
What is -22121002222220 (base 3) in base 7?
-53555436
What is -265685 (base 10) in base 9?
-444405
Convert 11a690 (base 12) to base 11.
187275
cb577a (base 14) to base 5
3231013124
What is -401637 (base 8) in base 6?
-2455035
Convert -847 (base 9) to base 6.
-3111
What is -84433 (base 11) in base 9?
-206615
Convert 9c24 (base 15) to base 14.
c0cd
What is -1231031323 (base 4) in base 9?
-751581
What is c22ebc (base 15) in base 8?
43137223
Convert 152242330 (base 6) to base 10.
3193902
Convert -114be (base 15) to base 10.
-55079
What is -b60f (base 16) in base 8?
-133017
Convert 13030210231 (base 4) to base 6.
104233501
What is -27456215 (base 9) in base 14?
-1b2d772
-69736 (base 13) to base 10
-192367
-7a9181 (base 12) to base 9
-3624387
Convert 34632002 (base 7) to base 8.
13504746
Convert 1202022012 (base 3) to base 16.
86b4
57202 (base 11) to base 15
197cb
Convert 133592 (base 16) to base 11.
78a913
-11412403320 (base 5) to base 10
-13403585
Convert 1300100002 (base 4) to base 13.
131377
-16277464 (base 8) to base 4
-32113330310
What is -20341112 (base 5) in base 15?
-34cdc
Convert -123433400 (base 5) to base 7.
-5113226
Convert 202001012200 (base 3) to base 4.
1200110232
Convert 112120020 (base 4) to base 11.
62954
What is 1406325 (base 8) in base 12?
171559
-1302286 (base 10) to base 8
-4757416
Convert -343530 (base 6) to base 10.
-29358
What is 20010122000 (base 3) in base 13?
42c60
What is 7208372 (base 10) in base 4?
123133312310
-200010222 (base 4) to base 10
-131370
Convert 11110100100110011010 (base 2) to base 3.
1212220022202
-116910a (base 12) to base 15
-469ead
671b1 (base 12) to base 11
93854
-41433144 (base 5) to base 12
-146550
What is 3796c9 (base 15) in base 16?
28a7de
What is 3330845 (base 12) in base 6?
545205325
What is -2101231 (base 5) in base 3?
-1202102020
What is -1766131 (base 9) in base 8?
-3612731
What is -6847a0 (base 12) in base 9?
-3120523
Convert -213305322 (base 6) to base 4.
-32200220102
What is 2271c4 (base 13) in base 2?
11000111000100111000
1100100202 (base 4) to base 13
b6827
10111100001001010111 (base 2) to base 9
1404114
-212120100220 (base 3) to base 13
-133206
What is 5118750 (base 11) in base 10?
9045047
What is 14514 (base 15) in base 8?
177365
Convert -1663438 (base 10) to base 6.
-55353034
What is -1453000 (base 6) in base 12?
-41160
-6610857 (base 9) to base 6
-204032041
Convert -77026b (base 12) to base 9.
-3485852
-467790 (base 11) to base 9
-1351232
-3a1cb8 (base 16) to base 5
-1433332230
Convert 10111000101110110001 (base 2) to base 4.
2320232301
What is -10001001001000100011 (base 2) in base 11?
-354016
What is 100100001010001100111 (base 2) in base 7?
13033302
25b6b12 (base 12) to base 4
130130112332
What is 36690 (base 14) in base 16?
20796
Convert -2253323 (base 6) to base 16.
-1c593
-12025531 (base 6) to base 8
-1340437
Convert 82d4b (base 14) to base 4.
1031000213
-311012231 (base 4) to base 14
-593ad
-11002240 (base 6) to base 10
-327120
What is 70411570 (base 8) in base 4?
320201031320
-8b9589 (base 12) to base 2
-1000100001101011111001
What is 9a829a (base 11) in base 12?
655a98
What is 202101000111212 (base 3) in base 14?
161b4b6
-230204 (base 10) to base 13
-80a20
Convert 5315240 (base 6) to base 3.
111011101120
What is 5458028 (base 9) in base 6?
142502212
-900867 (base 11) to base 6
-51031140
Convert -52403152 (base 6) to base 16.
-17444c
-24017624 (base 8) to base 9
-10782864
Convert 7509380 (base 10) to base 9.
15114835
22212 (base 15) to base 2
11010011110110011
What is 15745745 (base 8) in base 6?
210213021
What is 1000000100101101101 (base 2) in base 4?
1000211231
Convert 237140 (base 16) to base 7.
25512605
-1ab37 (base 16) to base 6
-2202155
Convert 1324032040 (base 5) to base 10.
3345895
Convert 16304075 (base 8) to base 16.
39883d
Convert -64795 (base 11) to base 9.
-153088
Convert -4530113 (base 8) to base 15.
-192d6e
Convert 746815 (base 15) to base 12.
1a3216b
Convert -3002112210 (base 4) to base 8.
-3022644
Convert -54586 (base 16) to base 14.
-8dc90
Convert -232114022 (base 5) to base 10.
-1051137
What is 101110001010101000 (base 2) in base 3?
100121101120
What is -331323102332 (base 4) in base 3?
-1010112202101202
What is 506731 (base 9) in base 11?
195612
What is -120210021221 (base 3) in base 16?
-4bdf0
What is -650716 (base 8) in base 14?
-593d4
Convert -11127054 (base 9) to base 16.
-524575
Convert 5502227 (base 12) to base 16.
f6dabf
3002162 (base 9) to base 16
185a0e
Convert -233012123 (base 4) to base 16.
-2f19b
Convert -9c56 (base 14) to base 7.
-142036
-320232230 (base 4) to base 11
-149640
Convert -99ca44 (base 14) to base 13.
-110a619
Convert 5030477 (base 8) to base 7.
14151045
2160 (base 12) to base 16
e58
e356e (base 15) to base 4
2233303220
-615245 (base 11) to base 12
-3b7845
What is 44375 (base 11) in base 2?
1111101101001101
210341043 (base 5) to base 8
3245746
10210102101200 (base 3) to base 8
7541345
573017 (base 9) to base 8
1236517
What is -1960969 (base 11) in base 13?
-8bb7c9
-36554313 (base 7) to base 12
-111a890
Convert -6443638 (base 9) to base 4.
-31023031202
What is -355a7 (base 15) in base 8?
-514060
What is -564d3 (base 14) in base 5?
-23201023
162764 (base 11) to base 9
424288
What is -c720b (base 14) in base 8?
-1652533
-58f6a (base 16) to base 13
-c9b24
What is 4cb5a (base 13) in base 3?
21020112100
-6c75b (base 16) to base 4
-1230131123
Convert 100000111001100011 (base 2) to base 12.
65b97
-131447b (base 13) to base 9
-12222347
Convert -8849 (base 12) to base 10.
-15033
What is 107f39 (base 16) in base 7?
12122012
What is -52645 (base 9) in base 13?
-12ab2
Convert -3d797 (base 15) to base 4.
-300031123
What is -110605306 (base 7) in base 13?
-1503706
What is -177762 (base 10) in base 9?
-300753
What is -10262876 (base 9) in base 2?
-10010110110101100010000
What is -81934b (base 13) in base 6?
-144414000
What is -110001000 (base 3) in base 6?
-104343
413300043 (base 5) to base 12
69a002
Convert 863b4 (base 13) to base 11.
156075
-3331300202 (base 5) to base 8
-33637465
Convert 94512 (base 10) to base 16.
17130
50412343 (base 7) to base 15
57ae3d
18cf25 (base 16) to base 7
16551133
Convert -22b4746 (base 13) to base 9.
-22148560
What is 7a565 (base 15) in base 2?
1011111000011100001
What is -23126643 (base 7) in base 15?
-29eaa0
-431682 (base 9) to base 8
-766220
Convert -237b7 (base 14) to base 16.
-15245
What is 6102723 (base 8) in base 14?
2db987
14732a (base 11) to base 15
47e37
Convert -1a9667 (base 13) to base 10.
-677775
What is 42b9c (base 15) in base 4?
303232200
Convert 105140555 (base 7) to base 15.
860462
Convert -132c97a (base 14) to base 15.
-c2c1b0
What is 100011111101001000 (base 2) in base 5?
14203042
What is 26165 (base 10) in base 15?
7b45
-12c854 (base 14) to base 5
-131233401
Convert 83304 (base 10) to base 11.
57651
-24310141 (base 5) to base 7
-1642021
689591 (base 11) to base 12
44a3b2
-3021522 (base 8) to base 15
-10aa69
-1753970 (base 10) to base 9
-3262885
-4b005 (base 15) to base 2
-111010100000001110
1000110000000111001 (base 2) to base 9
476341
8996 (base 12) to base 10
15234
Convert 1bd42 (base 14) to bas